2?
-201
In base 7, what is -2 + 400?
365
In base 16, what is 23 + 26?
49
In base 5, what is 2232 + 23?
2310
In base 13, what is -19 - 2b?
-47
In base 16, what is -3b3 - 5?
-3b8
In base 5, what is -4 + -31032?
-31041
In base 7, what is -32 + -30?
-62
In base 2, what is -100 - 10111001111?
-10111010011
In base 14, what is -26 - 31?
-57
In base 9, what is -1 - -81?
80
In base 15, what is -23d + 1?
-23c
In base 5, what is 13101 + 3?
13104
In base 12, what is 5 - -136?
13b
In base 4, what is 11233 + -1?
11232
In base 7, what is -4444 - 10?
-4454
In base 4, what is -10 - 2213?
-2223
In base 13, what is 106 + 4?
10a
In base 8, what is -245 - 51?
-316
In base 15, what is -2 - -2?
0
In base 12, what is -954b - -2?
-9549
In base 16, what is -3a + c?
-2e
In base 5, what is 10 - -2330?
2340
In base 4, what is 3000 - 2?
2332
In base 8, what is -46 + -5?
-53
In base 7, what is 5 - -24130?
24135
In base 15, what is -4e - 4?
-53
In base 15, what is 13 - -229?
23c
In base 12, what is -a6 - 11?
-b7
In base 2, what is -101 - -1011?
110
In base 14, what is -2 + -96?
-98
In base 13, what is 4 - -4?
8
In base 11, what is -89a - -4?
-896
In base 5, what is -4 + -23104?
-23113
In base 13, what is 2b - -8?
36
In base 2, what is -1011010010 - 10?
-1011010100
In base 10, what is 577 + 24?
601
In base 8, what is 731 + 2?
733
In base 7, what is 30110 + -1?
30106
In base 3, what is 1021 + 10212?
12010
In base 9, what is -38 + 3?
-35
In base 2, what is -100011111100100 - -11?
-100011111100001
In base 3, what is 101 - -1020?
1121
In base 11, what is 780 - 4?
777
In base 2, what is 1001111 + 101?
1010100
In base 6, what is 10 + 41?
51
In base 5, what is -1 - -302?
301
In base 6, what is -2 - -12?
10
In base 7, what is 4 - 106?
-102
In base 6, what is 1004 - -1?
1005
In base 11, what is -590 + -1?
-591
In base 2, what is -101000 + -101?
-101101
In base 8, what is -20 + 3?
-15
In base 9, what is -26 + 23?
-3
In base 4, what is -32 - -313?
221
In base 12, what is b4 - -20?
114
In base 8, what is 3 + 167?
172
In base 9, what is -1 + -71?
-72
In base 9, what is -3187 - -4?
-3183
In base 15, what is 2b3 + -3?
2b0
In base 7, what is 4 - 24?
-20
In base 9, what is -2647 + -2?
-2650
In base 16, what is 4c + -1e?
2e
In base 10, what is -1140 - -2?
-1138
In base 9, what is -1662 + -2?
-1664
In base 5, what is -1 - 134?
-140
In base 14, what is -a67 + 3?
-a64
In base 10, what is 50 - 482?
-432
In base 10, what is -25 + -549?
-574
In base 2, what is -100001 + -1100?
-101101
In base 11, what is 11 + -22?
-11
In base 7, what is -6032 - -3?
-6026
In base 15, what is 3 + -75?
-72
In base 4, what is 1023313 - 1?
1023312
In base 11, what is 2 + -45?
-43
In base 16, what is a3 - -5?
a8
In base 4, what is -11221 + 0?
-11221
In base 13, what is 1 + -14?
-13
In base 9, what is 10 + 17?
27
In base 11, what is 3 + 3938?
3940
In base 15, what is -bd3 + 4?
-bce
In base 5, what is 24033 + -10?
24023
In base 6, what is 2354 - 3?
2351
In base 11, what is -1a6 - 2?
-1a8
In base 5, what is 231 - -33?
314
In base 4, what is 130 - 11?
113
In base 7, what is 154322 + 4?
154326
In base 14, what is -3 - -15d?
15a
In base 15, what is -62 - 54?
-b6
In base 14, what is 12 - -31?
43
In base 11, what is 46 + -5?
41
In base 10, what is -1471 + -4?
-1475
In base 2, what is 11 - -1001010?
1001101
In base 2, what is -10 - -101000?
100110
In base 5, what is -30221 + -10?
-30231
In base 9, what is 30 + 0?
30
In base 15, what is 887 + -1?
886
In base 2, what is 1 + 1001110001000?
1001110001001
In base 11, what is -39 - -1?
-38
In base 8, what is -241 + 6?
-233
In base 16, what is 64f + 5?
654
In base 9, what is 5 - 74?
-68
In base 11, what is -32 - -18?
-15
In base 2, what is 100 - -100110?
101010
In base 4, what is -121221 - -2?
-121213
In base 15, what is 4 - -337?
33b
In base 4, what is 13 - 310?
-231
In base 16, what is -9c + -1?
-9d
In base 6, what is -205 - -43?
-122
In base 7, what is -22 + 53?
31
In base 3, what is 11011 - 12?
10222
In base 2, what is -10 - -100100111?
100100101
In base 14, what is -1a + -477?
-493
In base 12, what is 0 - -100?
100
In base 8, what is -2137 - 7?
-2146
In base 12, what is 413 - -1?
414
In base 2, what is -110010011 - 10010?
-110100101
In base 6, what is 1143 + -2?
1141
In base 8, what is -1730 - 0?
-1730
In base 9, what is -1 - -84?
83
In base 4, what is -1010 - 1033?
-2103
In base 9, what is 45 - -214?
260
In base 4, what is 1 - -22?
23
In base 15, what is -3 - 154?
-157
In base 14, what is -3 + a?
7
In base 6, what is 0 + -3?
-3
In base 16, what is 1b + 1d?
38
In base 13, what is 303 - -9?
30c
In base 4, what is -13233 + -2?
-13301
In base 4, what is 0 - 10103?
-10103
In base 5, what is 2 - -22210?
22212
In base 7, what is -3 - -1641?
1635
In base 9, what is 3 + -238?
-235
In base 3, what is -11 - 1021002?
-1021020
In base 3, what is -1 - 221221?
-221222
In base 10, what is 936 + -3?
933
In base 8, what is 15 - 10?
5
In base 2, what is 0 + 1001101011?
1001101011
In base 14, what is 47 + -5?
42
In base 6, what is -43130 - -1?
-43125
In base 8, what is 1331 + 6?
1337
In base 14, what is -2 + -2c?
-30
In base 13, what is -113 + c?
-104
In base 6, what is -3521 - -3?
-3514
In base 3, what is 0 + 2211?
2211
In base 4, what is 10030 - -1?
10031
In base 5, what is -13043 + 42?
-13001
In base 6, what is -504 - -1?
-503
In base 11, what is -60 + 2?
-59
In base 5, what is 201 + -21?
130
In base 5, what is 2 + -413?
-411
In base 12, what is 0 - -32?
32
In base 13, what is -3c90 - 2?
-3c92
In base 13, what is 1 - -71c?
720
In base 15, what is 4 - -15a1?
15a5
In base 10, what is 161 + -1?
160
In base 2, what is 101 - 110101?
-110000
In base 16, what is -4bf + -3?
-4c2
In base 8, what is 142 + -4?
136
In base 12, what is 5 + 2345?
234a
In base 4, what is 2 + 1010?
1012
In base 14, what is 1 + -797?
-796
In base 14, what is 4 - 2d6?
-2d2
In base 16, what is 15 - -4?
19
In base 9, what is 83 - 36?
46
In base 7, what is -2 + -54?
-56
In base 8, what is 227 + 5?
234
In base 3, what is -1011111 - 0?
-1011111
In base 10, what is -3 + -109?
-112
In base 2, what is -1011000 - 1?
-1011001
In base 9, what is -3 - -3333?
3330
In base 13, what is 1 + 1916?
1917
In base 3, what is 12 + -2000?
-1211
In base 2, what is 1100011 - 10?
1100001
In base 6, what is 4 - 2241?
-2233
In base 10, what is -5 - -1029?
1024
In base 16, what is -39 - 6?
-3f
In base 5, what is 402 - 2?
400
In base 14, what is 3a + -53?
-17
In base 14, what is 31c8 - -2?
31ca
In base 15, what is -85 + -4?
-89
In base 7, what is -502 - -5?
-464
In base 5, what is 1 - 33033?
-33032
In base 15, what is 12 + 12?
24
In base 11, what is 8a + -5?
85
In base 3, what is 10221 + 12?
11010
In base 16, what is -5 + -51b?
-520
In base 2, what is -10 - 110001011?
-110001101
In base 16, what is -1 - 3b?
-3c
In base 5, what is 3 - -104103?
104111
In base 14, what is 2ba - -1?
2bb
In base 7, what is 36 + -320?
-251
In base 14, what is 26 - 3?
23
In base 6, what is 4 + -3405?
-3401
In base 3, what is 1 - 10?
-2
In base 7, what is -105 - -6?
-66
In base 13, what is -458 - -1?
-457
In base 13, what is -5 - -71?
69
In base 3, what is 12111010 + 12?
12111022
In base 13, what is -3 - -8?
5
In base 13, what is -92 - -6?
-89
In base 10, what is 2 - 122?
-120
In base 9, what is 8 + 1182?
1201
In base 14, what is -5 + 75?
70
In base 5, what is -13321 - 4?
-13330
In base 3, what is 2 + -2?
0
In base 6, what is 1 + -24?
-23
In base 13, what is -34b - 1?
-34c
In base 8, what is -241 + 1?
-240
In base 10, what is 257 - -1?
258
In base 11, what is -a00 - 5?
-a05
In base 8, what is 14 + -1700?
-1664
In base 9, what is -546 - -2?
-544
In base 11, what is -43 + -150?
-193
In base 8, what is -47 + -306?
-355
In base 4, what is 10011020 - 11?
10011003
In base 15, what is 153 + 0?
153
In base 4, what is -20 - 3323?
-10003
In base 6, what is -5 + -155?
-204
In base 12, what is -48 + -3b?
-87
In base 9, what is -1633 + -5?
-1638
In base 7, what is -63 - -1?
-62
In base 6, what is -5 + -3034?
-3043
In base 2, what is -1 - 11000111?
-11001000
In base 14, what is -20 - 24?
-44
In base 16, what is 3f - -2b?
6a
In base 10, what is 0 - -2158?
2158
In base 4, what is 12 - 13?
-1
In base 12, what is -2a7 + 4?
-2a3
In base 2, what is 1001011 + -11?
1001000
In base 2, what is 0 - -111111